3 - 7*a**2 - 578*a - 1732. Calculate c(-3).
-601
Let t(b) = 572*b - 22275. Determine t(39).
33
Let o(x) = -x**3 + 161*x**2 - 5679*x + 572. Calculate o(52).
0
Let a(m) = 2*m**3 - 44*m**2 + 143*m + 140. What is a(5)?
5
Let j(o) = -5*o**2 + 689*o + 7456. Determine j(-10).
66
Let d(g) = 16*g**3 - 5983*g**2 - 12405*g - 1117. What is d(376)?
11
Let a(l) = -10*l**2 + 105*l - 281. Give a(13).
-606
Let v(c) = 3220*c**2 + 13119*c + 963. What is v(-4)?
7
Let z(p) = -4*p**2 + 12484*p - 1324844. Determine z(110).
-4
Let j(f) = -687662*f + 4125998. Give j(6).
26
Let j(y) = -y**3 - 19*y**2 + 84*y + 1911. Give j(-17).
-95
Let l(k) = -1076763*k + 21535260. What is l(20)?
0
Let m(s) = -42571*s + 6343072. What is m(149)?
-7
Let n(s) = 22*s**2 - 813*s + 546. What is n(36)?
-210
Let z(g) = 5*g**3 + 208*g**2 - 89*g - 580. Give z(-42).
-370
Let v(c) = 1023*c + 132822. What is v(-130)?
-168
Let a(d) = -1212*d - 151. Calculate a(-1).
1061
Let u(y) = -165*y**2 + 30521*y + 141. Give u(185).
-599
Let l(f) = -2*f**3 - 62*f**2 + 2806*f + 86936. Calculate l(-31).
-50
Let k(w) = -w**3 + 231*w**2 - 1799*w + 3327. Calculate k(223).
-18
Let w(m) = 641*m + 2651. What is w(-3)?
728
Let k(p) = 459*p**2 + 9616*p - 492. Give k(-21).
-9
Let l(r) = 2*r**2 + 2707*r + 16176. What is l(-6)?
6
Let h(z) = 96*z**2 + 1041*z - 2687. Determine h(-13).
4
Let w(x) = -8368*x + 3983170. What is w(476)?
2
Let x(s) = s**3 - 77*s**2 - 158*s + 508. What is x(79)?
508
Let w(z) = 3*z**2 - 184*z - 4553. Calculate w(-20).
327
Let r(a) = a**2 + 3951*a - 3406310. Calculate r(728).
2
Let i(d) = -d**3 - 167*d**2 + 339*d + 157. Determine i(-169).
-12
Let j(i) = -i**3 + 578*i**2 - 83496*i + 31. What is j(294)?
31
Let p(k) = -9*k**3 + 234*k**2 - 159. Give p(26).
-159
Let v(u) = 8*u**2 - 181*u + 454. Calculate v(3).
-17
Let n(c) = -56278*c - 1800973. Determine n(-32).
-77
Let b(n) = -n**2 + 1474*n - 50208. Determine b(35).
157
Let y(j) = -322*j - 16593. What is y(-52)?
151
Let g(p) = 2215*p**2 + 11029*p - 235. What is g(-5)?
-5
Let h(t) = -323*t + 3777. What is h(9)?
870
Let u(g) = 11*g**3 + 1798*g**2 + 868*g + 8702. Determine u(-163).
63
Let c(z) = -93*z**3 - 1040*z**2 - 45*z - 14. Calculate c(-11).
-1576
Let z(a) = 70*a - 10958. Determine z(156).
-38
Let c(u) = -792*u - 36450. Calculate c(-46).
-18
Let v(a) = -a**3 + 102*a**2 + 1505*a - 1474. Give v(115).
-324
Let y(x) = -14*x + 1763. Determine y(20).
1483
Let z(x) = -694*x - 70791. Determine z(-102).
-3
Let o(z) = 3035*z - 2534234. What is o(835)?
-9
Let o(w) = -2443*w + 12050. What is o(5)?
-165
Let c(f) = -3*f**3 - 125*f**2 + 28*f - 602. Give c(-42).
-14
Let z(b) = -45*b**2 - 80*b - 150. Give z(-2).
-170
Let h(i) = 9*i**3 + 1826*i**2 - 230*i - 5479. Calculate h(-203).
2
Let p(l) = 5*l**3 + 665*l**2 - 1369*l + 46. What is p(-135)?
2611
Let b(m) = 3*m**2 + 648*m + 21966. Determine b(-44).
-738
Let k(p) = 2747*p - 112581. What is k(41)?
46
Let r(o) = -o**2 - 58*o - 841. Calculate r(-25).
-16
Let l(n) = 10*n**3 - 141*n**2 + 506*n - 151. Calculate l(8).
-7
Let c(s) = -148*s**3 - 70*s**2 + 70*s + 1. Give c(1).
-147
Let z(n) = -210*n + 5736. What is z(30)?
-564
Let x(m) = 82*m**2 + 1395*m + 5441. What is x(-11)?
18
Let v(c) = -273*c - 68193. Determine v(-260).
2787
Let c(m) = -m**3 + 37*m**2 - 340*m - 21. Give c(17).
-21
Let w(q) = -378942*q + 5684144. Calculate w(15).
14
Let h(i) = i**2 - 148*i - 4882. Calculate h(-28).
46
Let j(w) = -1132*w - 35882. What is j(-32)?
342
Let k(i) = 3*i**2 + 331*i - 813. What is k(-118)?
1901
Let a(g) = -2524*g + 7405. Determine a(3).
-167
Let j(q) = -12*q**2 + 1074*q - 4615. Determine j(85).
-25
Let c(x) = -343*x**3 - 5826*x**2 + 152*x + 1146. Calculate c(-17).
7
Let n(z) = 1120*z + 453727. Determine n(-405).
127
Let n(f) = 2*f**2 - 495*f - 103608. Give n(383).
185
Let i(j) = 320*j**2 - 2630*j + 571. What is i(8)?
11
Let c(q) = 28*q**2 - 1861*q + 18724. What is c(10)?
2914
Let w(l) = -2*l**3 + 82*l**2 - 479*l - 22. Determine w(32).
3082
Let w(z) = 2*z**3 + 5*z**2 - 315*z - 1050. Determine w(-12).
-6
Let q(t) = -t**3 - 35*t**2 + 20*t - 1958. Give q(-37).
40
Let k(p) = -19*p**2 - 3500*p + 6329. Give k(-186).
5
Let v(g) = -21624*g + 2248897. What is v(104)?
1
Let i(u) = -2*u**2 - 3880*u - 1007975. What is i(-309)?
-17
Let i(d) = 3979*d + 198976. Determine i(-50).
26
Let x(p) = 2*p**3 + 34*p**2 - 34*p - 810. What is x(-17)?
-232
Let j(a) = -16*a**3 - 15*a**2 + 67*a - 57. Determine j(7).
-5811
Let b(n) = -n**3 + 1390*n**2 - 12419*n - 107. Give b(9).
-17
Let u(h) = h**3 - 3*h**2 + 66*h + 130. What is u(-2)?
-22
Let g(n) = -98*n**2 - 996*n - 176. Determine g(-10).
-16
Let k(u) = -u**3 + 17*u**2 + 2686*u + 6466. Calculate k(62).
18
Let u(x) = x**3 + 72*x**2 - 222*x - 29573. Give u(-69).
28
Let k(z) = 54050*z - 702641. What is k(13)?
9
Let t(i) = 3*i**3 - 201*i**2 - 214*i + 284. Determine t(68).
-396
Let w(q) = -4*q**3 - 6*q**2 + 87*q + 195. Determine w(-3).
-12
Let f(v) = 7379*v + 22052. Determine f(-3).
-85
Let w(z) = -18*z**2 + 424*z + 2836. What is w(29)?
-6
Let o(f) = f**3 + 25*f**2 + 10314*f + 225449. Calculate o(-22).
-7
Let l(f) = -10*f**2 + 635*f - 1876. Give l(61).
-351
Let f(i) = 7995*i - 167815. What is f(21)?
80
Let y(a) = 174*a + 3005. Determine y(-22).
-823
Let m(q) = 305686*q + 916997. Give m(-3).
-61
Let y(w) = -6*w**2 - 158*w - 499. Give y(0).
-499
Let i(q) = -12*q**3 + 357*q**2 - 1424*q + 3. Calculate i(25).
28
Let y(n) = -2*n**2 - 23232*n - 995280. Determine y(-43).
-2
Let w(a) = -72161*a - 1804035. Give w(-25).
-10
Let d(a) = -42*a**3 + 4*a**2 + 292*a - 584. Calculate d(2).
-320
Let i(h) = -5173*h + 67272. Give i(13).
23
Let q(n) = 2*n**2 - 9044*n + 54195. What is q(6)?
3
Let y(g) = -16537*g + 959318. What is y(58)?
172
Let s(i) = 12*i**3 + 56*i**2 + 113*i - 14. What is s(-2)?
-112
Let b(d) = -812*d + 346087. What is b(426)?
175
Let g(c) = 2*c**3 - 47*c**2 + 12*c + 1188. Calculate g(22).
0
Let b(i) = 161*i + 11914. What is b(-52)?
3542
Let d(q) = -1670268*q - 43426969. What is d(-26)?
-1
Let z(d) = 2*d**3 - 34*d**2 + 68847*d - 1101031. Determine z(16).
9
Let t(c) = 3897*c + 11740. Calculate t(-3).
49
Let o(j) = 185*j**2 + 3121*j + 42. Calculate o(-17).
450
Let z(m) = 33*m**2 - 362*m - 363. Calculate z(-1).
32
Let d(s) = 879*s - 4847. Give d(6).
427
Let w(n) = -264*n**2 + 3242*n - 3715. Give w(11).
3
Let s(j) = 4422*j + 698685. Calculate s(-158).
9
Let n(p) = -212*p - 1279. Determine n(-5).
-219
Let o(n) = 6*n**2 - 1268*n - 119542. Give o(282).
26
Let o(u) = 2992*u + 54022. What is o(-18)?
166
Let f(l) = 4045*l - 44415. Determine f(11).
80
Let o(a) = -a**3 - 140*a**2 + 294*a + 281. Calculate o(-142).
-1139
Let v(h) = 69*h**2 + 1287*h - 3425. Calculate v(-21).
-23
Let z(n) = -n**2 - 5442*n + 49066. Determine z(9).
7
Let c(i) = -i**3 + 206*i**2 + 680*i + 15. Determine c(0).
15
Let i(q) = -31*q**3 + 236*q**2 - 388*q - 69. What is i(5)?
16
Let y(m) = 7*m**2 - 3531*m - 54543. Give y(-15).
-3
Let i(d) = -9*d**2 - 920*d - 428. Calculate i(-102).
-224
Let w(n) = -121*n - 1124. Determine w(-10).
86
Let q(f) = -f**2 - 1581*f - 8. What is q(0)?
-8
Let q(o) = 882*o - 72309. What is q(82)?
15
Let m(a) = -3053*a - 134331. Give m(-44).
1
Let p(i) = 5*i**2 + 644*i - 20123. Give p(26).
1
Let l(d) = -2*d**3 + 92*d**2 - 5*d - 44. Determine l(46).
-274
Let z(b) = -54*b - 564. What is z(-10)?
-24
Let z(l) = 166*l - 240. What is z(6)?
756
Let v(m) = 2*m**2 + 539*m + 35733. Give v(-117).
48
Let f(g) = -140*g - 55471. Give f(-394).
-311
Let o(q) = 441*q**2 + 449*q + 5. What is o(-1)?
-3
Let j(t) = t**3 + 82*t**2 + 104*t + 46767. Give j(-87).
-126
Let r(v) = 5*v**3 + 519*v**2 + 441*v + 2751. What is r(-103)?
-236
Let x(d) = -32*d + 1992. Determine x(61).
40
Let v(z) = -38665*z + 193328. What is v(5)?
3
Let v(q) = -1653*q + 158622. Give v(96).
-66
Let h(j) = -j**3 - 73*j**2 + 6497*j - 382. What is h(-125)?
-7
Let g(a) = a**2 - 11504*a - 1031773. Determine g(-89).
4
Let p(n) = -37961*n + 493493. Determine p(13).
0
Let q(m) = 16*m**2 + 248*m - 1211. Determine q(7).
1309
Let u(s) = 64585*s - 645949. What is u(10)?
-99
Let y(w) = -6*w**2 - 428*w + 79. Give y(-71).
221
Let b(o) = 6*o**2 - 9606*o - 556755. Give b(-56).
-3
Let r(p) = -p**2 + 1948*p - 139566. What is r(75)?
909
Let g(f) = -f**2 - 23871*f + 1004343. Determine g(42).
-3
Let o(f) = -f*